9441 a composite number?
False
Is 1083253 prime?
True
Is 18152971 prime?
True
Is 22380487 a composite number?
False
Is 168578819 prime?
True
Is 28073189 composite?
True
Is 29547737 a prime number?
False
Is 30747401 a composite number?
False
Is 205486949 prime?
False
Is 3806423 prime?
True
Is 125614787 a prime number?
True
Is 1339791 prime?
False
Is 97274237 composite?
False
Is 586042 a prime number?
False
Is 25098211 composite?
True
Is 299629 prime?
False
Is 530626 a prime number?
False
Is 41907434 a composite number?
True
Is 71573231 composite?
False
Is 338451329 a composite number?
False
Is 24933211 composite?
False
Is 220492303 a composite number?
True
Is 19450453 prime?
False
Is 7671929 composite?
False
Is 204324467 composite?
False
Is 39072053 prime?
False
Is 1989479 a composite number?
False
Is 49249613 a prime number?
False
Is 11975779 a composite number?
True
Is 92386171 composite?
False
Is 29162807 composite?
False
Is 82610363 a composite number?
True
Is 15684127 composite?
False
Is 717967 a prime number?
True
Is 72876793 prime?
False
Is 267635 a composite number?
True
Is 399397 a composite number?
True
Is 617959597 prime?
False
Is 1503533 a composite number?
True
Is 91297169 composite?
False
Is 746817737 a composite number?
False
Is 3080017 a prime number?
True
Is 986467 a composite number?
True
Is 1462757 a composite number?
True
Is 179429 prime?
True
Is 23944099 prime?
False
Is 12302131 a composite number?
True
Is 7358581 composite?
False
Is 2242157 a composite number?
False
Is 15974411 composite?
True
Is 152062 composite?
True
Is 183751383 a prime number?
False
Is 15775069 a composite number?
False
Is 3379483 a composite number?
True
Is 47590267 a composite number?
False
Is 5198051 a composite number?
True
Is 40805087 composite?
True
Is 17190829 a composite number?
True
Is 5797893 composite?
True
Is 13161191 composite?
False
Is 24542249 composite?
True
Is 35055715 prime?
False
Is 871141 composite?
True
Is 9111449 prime?
True
Is 24732601 prime?
True
Is 73155613 prime?
False
Is 175842743 prime?
True
Is 1413793 composite?
False
Is 59302871 prime?
True
Is 4046181 prime?
False
Is 17431081 a prime number?
True
Is 13458079 a prime number?
True
Is 47580095 composite?
True
Is 887959 a composite number?
True
Is 101349473 prime?
False
Is 151231921 a prime number?
True
Is 3478747 composite?
False
Is 2108597 a prime number?
True
Is 1402309 composite?
False
Is 17895741 composite?
True
Is 46327093 composite?
False
Is 12647247 a prime number?
False
Is 477317 a prime number?
True
Is 28610593 prime?
False
Is 3348053 a prime number?
True
Is 413764591 a prime number?
True
Is 15543023 prime?
False
Is 6426577 a composite number?
True
Is 178774807 prime?
True
Is 5037767 prime?
False
Is 6146051 a composite number?
True
Is 88972523 a prime number?
True
Is 298551881 a composite number?
True
Is 4548919 composite?
False
Is 2310211 a prime number?
True
Is 210880279 a prime number?
False
Is 63979837 a composite number?
False
Is 533212291 a composite number?
True
Is 161062193 prime?
True
Is 25193977 a prime number?
True
Is 4237529 composite?
False
Is 27143297 composite?
True
Is 10905233 a prime number?
False
Is 9286559 a composite number?
False
Is 19355041 a prime number?
True
Is 3775697 composite?
False
Is 4704659 a prime number?
True
Is 17670557 a composite number?
False
Is 2180731 a prime number?
False
Is 371923 a prime number?
False
Is 3043679 a composite number?
True
Is 13834391 a prime number?
True
Is 778865 a composite number?
True
Is 85579157 a prime number?
False
Is 3157091 a composite number?
True
Is 521992261 a prime number?
False
Is 4066654 composite?
True
Is 33296909 a prime number?
True
Is 154746107 prime?
False
Is 7534129 a composite number?
True
Is 7148639 composite?
True
Is 9790057 composite?
False
Is 751619 a composite number?
True
Is 5414977 a composite number?
True
Is 35984131 composite?
False
Is 197645131 prime?
True
Is 17692439 a prime number?
False
Is 2892205 prime?
False
Is 295579919 a composite number?
True
Is 3443719 composite?
False
Is 85121455 composite?
True
Is 2142857 prime?
True
Is 2843543 composite?
True
Is 8862541 prime?
True
Is 95702693 a prime number?
True
Is 261921487 a composite number?
False
Is 37295101 prime?
True
Is 92333589 a prime number?
False
Is 1852733 composite?
True
Is 1409563 composite?
True
Is 1786541 prime?
True
Is 5865103 a prime number?
True
Is 2173877 prime?
True
Is 145569953 composite?
True
Is 5757217 a prime number?
True
Is 1647077 a prime number?
False
Is 16817701 composite?
False
Is 402691 prime?
True
Is 3500781 a prime number?
False
Is 61888249 composite?
False
Is 17799443 a composite number?
False
Is 3697487 composite?
False
Is 989623 a composite number?
False
Is 1547885 a prime number?
False
Is 2248297 prime?
False
Is 30105451 a composite number?
True
Is 2637067 a composite number?
True
Is 133390121 a prime number?
True
Is 10001899 a prime number?
False
Is 5861453 composite?
True
Is 5240617 a prime number?
True
Is 6077833 composite?
False
Is 9524231 prime?
False
Is 7300919 a prime number?
True
Is 18055133 composite?
True
Is 317970721 a composite number?
False
Is 100019 a prime number?
True
Is 3612079 composite?
True
Is 15000451 prime?
True
Is 530071 composite?
True
Is 12421931 a prime number?
False
Is 1191075161 composite?
True
Is 647920657 a prime number?
True
Is 612923 composite?
False
Is 2683319 a composite number?
False
Is 1207631 composite?
True
Is 2771401 a prime number?
True
Is 20911567 a prime number?
True
Is 6743621 prime?
False
Is 64544681 composite?
True
Is 2052277 a composite number?
True
Is 3351662 a prime number?
False
Is 2667079 a prime number?
False
Is 571148293 composite?
False
Is 21290911 a composite number?
True
Is 150263 prime?
False
Is 1388587 a prime number?
True
Is 69827995 composite?
True
Is 40856693 prime?
False
Is 2366551 prime?
False
Is 975217 prime?
True
Is 16751363 a prime number?
False
Is 4818829 prime?
True
Is 12664243 composite?
True
Is 31007231 a prime number?
False
Is 13668827 prime?
True
Is 2507539 composite?
True
Is 19811707 a prime number?
False
Is 523049 composite?
False
Is 135193087 prime?
False
Is 22763527 prime?
False
Is 717679 prime?
True
Is 1981237 a composite number?
False
Is 307200923 prime?
True
Is 395099 composite?
True
Is 17041891 a composite number?
False
Is 799455161 a prime number?
True
Is 29450773 prime?
False
Is 83015007 a composite number?
True
Is 38702581 a composite number?
False
Is 30135367 a prime number?
False
Is 16020289 a prime number?
False
Is 10662931 composite?
False
Is 20751799 a prime number?
False
Is 25277597 a composite number?
True
Is 9185821 composite?
True
Is 29389517 prime?
False
Is 34677613 a composite number?
False
Is 2173799 a prime number?
False
Is 92294491 a composite number?
True
Is 1256837 a composite number?
False
Is 3723751 a composite number?
True
Is 4463311 a composite number?
True
Is 5534107 a prime number?
True
Is 11085509 a composite number?
True
Is 331880621 prime?
True
Is 74051077 prime?
False
Is 39857101 composite?
False
Is 16663457 a prime number?
False
Is 321549097 a composite number?
False
Is 9744439 a composite number?
True
Is 5967433 a composite number?
False
Is 3487847 prime?
False
Is 1958347 a prime number?
False
Is 178678741 a prime number?
False
Is 1909177 prime?
False
Is 348161447 a composite number?
False
Is 42885047 a composite number?
False
Is 787973 a prime number?
True
Is 35280437 a composite number?
False
Is 2282431 a composite number?
False
Is 340592218 a prime number?
False
Is 39750307 composite?
False
Is 34391549 composite?
False
Is 4235851 a prime number?
True
Is 33338489 a composite number?
False
Is 12486337 a prime number?
True
Is 3902291 a prime number?
True
Is 54072871 composite?
False
Is 2575439 prime?
True
Is 31572971 prime?
True
Is 780359 prime?
False
Is 228545419 prime?
True
Is 45481 prime?
True
Is 196321943 prime?
True
Is 1573853 prime?
False
Is 1732109 a prime number?
True
Is 7855217 prime?
True
Is 34535047 composite?
False
Is 1972541 a prime number?
True
Is 1306051 a composite number?
False
Is 162545491 a prime number?
False
Is 1212811 a prime number?
True
Is 1494979 prime?
False
Is 12452831 a prime number?
False
Is 1273807 prime?
False
Is 496880785 a prime number?
False
Is 12433